250810 and 53263.
1087
Calculate the highest common divisor of 2802900 and 1875.
75
Calculate the highest common factor of 27841300 and 200.
100
What is the greatest common divisor of 10 and 165272?
2
What is the highest common factor of 17460 and 3338273430?
8730
Calculate the highest common factor of 336888744 and 24.
24
Calculate the highest common factor of 474 and 394703118.
474
What is the highest common divisor of 11548649 and 14?
7
Calculate the greatest common divisor of 2057564 and 734096.
388
What is the greatest common factor of 1080 and 1169340?
60
Calculate the greatest common factor of 270 and 62493930.
270
Calculate the highest common factor of 190 and 292253260.
10
Calculate the highest common factor of 7529452 and 28.
28
What is the greatest common divisor of 21793 and 1540349?
19
Calculate the highest common factor of 1535 and 1189318.
307
Calculate the highest common divisor of 44774 and 5425889.
61
Calculate the greatest common divisor of 1620 and 3971400.
60
Calculate the greatest common divisor of 234 and 5107752.
234
Calculate the highest common divisor of 35860 and 380776.
44
Calculate the greatest common divisor of 678040422 and 114.
114
What is the greatest common factor of 5361545 and 4760?
595
What is the highest common divisor of 3388 and 3717604?
484
Calculate the greatest common divisor of 90327853 and 11.
11
Calculate the highest common factor of 2609856 and 8274.
1182
What is the highest common divisor of 27297 and 37827?
81
What is the highest common divisor of 3623976 and 2439?
9
Calculate the greatest common divisor of 26096994 and 798.
798
What is the greatest common divisor of 973776090 and 28?
14
What is the highest common divisor of 200052463 and 247?
247
Calculate the greatest common factor of 6285 and 128490.
15
What is the greatest common factor of 584415 and 221741?
481
What is the greatest common factor of 63229965 and 3615?
3615
What is the greatest common divisor of 137609407 and 221?
221
What is the highest common factor of 646995 and 30?
15
Calculate the highest common factor of 2373202 and 7528.
1882
What is the highest common factor of 1338 and 36325808?
446
Calculate the highest common factor of 1208804 and 165197.
233
Calculate the greatest common divisor of 274103775 and 50.
25
Calculate the greatest common factor of 4 and 99631956.
4
Calculate the greatest common divisor of 69 and 17782496.
23
What is the greatest common factor of 3866756 and 960?
4
What is the highest common divisor of 12590 and 24870?
10
Calculate the greatest common factor of 578 and 170349027.
289
What is the greatest common divisor of 5770 and 14135346?
1154
What is the highest common divisor of 68 and 810634426?
34
What is the highest common divisor of 1372 and 510219752?
196
What is the highest common factor of 140329760 and 440?
40
What is the highest common factor of 16095651 and 187?
187
What is the highest common factor of 64063866 and 339078?
10938
What is the greatest common factor of 5891 and 774?
43
Calculate the greatest common factor of 364 and 3686040.
4
What is the greatest common factor of 21 and 142038687?
21
Calculate the greatest common factor of 221 and 92812720.
13
What is the highest common divisor of 420 and 3463370?
10
What is the greatest common factor of 48 and 3129744?
48
Calculate the greatest common divisor of 27270650 and 66.
22
Calculate the highest common divisor of 213125 and 11143.
11
What is the highest common divisor of 798777 and 43834?
217
What is the greatest common factor of 145041190 and 410?
410
What is the highest common divisor of 430 and 291397584?
86
What is the highest common divisor of 771460 and 3269629?
2269
Calculate the highest common divisor of 336 and 89810196.
84
Calculate the highest common factor of 136807712 and 992.
992
Calculate the highest common divisor of 723 and 6759086.
241
Calculate the greatest common divisor of 13947737 and 247143.
6337
Calculate the highest common divisor of 79953156 and 648.
324
Calculate the greatest common factor of 4793952 and 4392.
24
Calculate the highest common factor of 417 and 32966352.
417
What is the highest common factor of 106 and 52502277?
53
Calculate the highest common factor of 315 and 976105305.
315
Calculate the greatest common factor of 62478056 and 32.
8
What is the highest common factor of 702556 and 11985?
47
What is the greatest common divisor of 827 and 299885913?
827
Calculate the highest common divisor of 385299 and 1271.
31
Calculate the highest common divisor of 75057 and 88059.
591
Calculate the highest common divisor of 3316222 and 1421.
49
Calculate the greatest common factor of 34 and 2896766.
34
What is the greatest common factor of 1006589265 and 1298?
649
What is the highest common divisor of 1578 and 12648722?
526
Calculate the greatest common divisor of 183214 and 262123.
907
What is the greatest common divisor of 243 and 160379424?
9
Calculate the greatest common factor of 2220 and 280277220.
2220
What is the highest common divisor of 29325 and 309713055?
5865
Calculate the highest common divisor of 56 and 1109039610.
14
Calculate the greatest common factor of 9621975 and 10593.
3531
What is the greatest common divisor of 895074 and 9285?
1857
Calculate the greatest common divisor of 96 and 7314784.
32
What is the highest common factor of 1579079 and 1566?
29
Calculate the highest common factor of 19546504 and 3854.
82
Calculate the highest common divisor of 800 and 56353984.
32
What is the highest common factor of 467 and 223686462?
467
What is the greatest common factor of 7906 and 117518?
134
Calculate the highest common divisor of 162310071 and 638.
319
Calculate the greatest common divisor of 105091 and 448.
7
Calculate the greatest common divisor of 48378 and 972691.
733
Calculate the highest common divisor of 9347594 and 132426.
2102
What is the greatest common factor of 166 and 115902113?
83
What is the greatest common divisor of 581 and 28260836?
83
What is the greatest common factor of 16735 and 19282067?
3347
What is the highest common factor of 4114 and 883354?
34
What is the highest common divisor of 4878 and 3231404?
542
Calculate the greatest common factor of 328 and 27712392.
328
Calculate the highest common factor of 8048426 and 826.
118
What is the greatest common divisor of 615182 and 28823?
19
What is the greatest common divisor of 21538084 and 8916?
2972
What is the greatest common factor of 2999893 and 182?
13
Calculate the highest common factor of 1969 and 46763929.
179
What is the greatest common divisor of 2546 and 4415106?
38
What is the greatest common divisor of 519 and 601806623?
173
What is the greatest common divisor of 22797 and 926631?
1341
Calculate the greatest common divisor of 136438260 and 240.
60
What is the greatest common factor of 2533434 and 108?
6
Calculate the greatest common factor of 1344 and 34383936.
192
Calculate the highest common factor of 807061 and 199951.
59
Calculate the highest common factor of 281601 and 78457.
67
Calculate the greatest common divisor of 2604 and 2397948.
84
What is the highest common factor of 2821 and 2087813?
91
Calculate the greatest common divisor of 10554768 and 3024.
1008
What is the highest common factor of 22483944 and 21?
21
What is the highest common divisor of 520 and 166533848?
104
Calculate the greatest common factor of 178002 and 73043982.
5742
What is the greatest common factor of 10475862 and 20192?
1262
Calculate the greatest common factor of 429176 and 5.
1
What is the highest common factor of 12 and 852524?
4
What is the highest common factor of 60089049 and 44747?
1543
Calculate the highest common factor of 315 and 20741865.
15
Calculate the greatest common factor of 7817584 and 1077.
359
What is the greatest common factor of 87253595 and 14300?
715
What is the greatest common factor of 7111830 and 60?
30
What is the highest common divisor of 111488 and 4278144?
1664
Calculate the highest common factor of 515 and 6101324995.
515
Calculate the greatest common divisor of 4332 and 21492135.
1083
What is the greatest common factor of 27896 and 236984?
88
Calculate the highest common divisor of 704908 and 38.
2
What is the greatest common factor of 1020 and 237066?
6
Calculate the highest common facto